Is z a composite number?
False
Suppose 20 = 4*i, -4*i + 8*i + 48 = -w. Let f = 1071 - w. Is f prime?
False
Is (-17)/(-34)*(-4 + 6038) a composite number?
True
Let y be 255*(-1 - 5/15). Let i = 675 + y. Suppose 0 = 5*h - 3*n - 2246, -3*n + i + 125 = h. Is h prime?
False
Let d(x) = 29540*x**2 + 26*x - 1. Is d(-3) a prime number?
True
Let x = -97 + 104. Is (-10 + x)*(-2743)/3 composite?
True
Suppose 2215*f - 2210*f - 111205 = 0. Is f composite?
True
Let u(b) = 87*b - 14. Let j = -39 + 66. Is u(j) a composite number?
True
Is 4/(-11) - 2038920/(-132) prime?
False
Suppose 5*u = -25, -5*u + 2*u - 2499 = -3*w. Let p = -434 + w. Is p a composite number?
True
Let t(x) = 14*x**2 - 20*x + 86. Let c(b) = 5*b**2 - 7*b + 29. Let l(u) = 17*c(u) - 6*t(u). Is l(-22) a composite number?
False
Suppose 0 = -5*n - v + 673731, 3*v - 673723 = 1035*n - 1040*n. Is n composite?
True
Is 8/(-28) - (1 - -1 - 728259546/294) composite?
False
Let p be (6/(-4))/(3*(-7)/42). Suppose p*z = 5*z - 252. Let s = 229 + z. Is s composite?
True
Let g(b) = -4057*b - 300. Let f be g(-4). Suppose 39882 + f = 2*y. Is y a composite number?
True
Let t(x) = 15*x**2 - 16*x + 4. Suppose -169 = 5*z - 124. Is t(z) a prime number?
False
Let v(y) = y**3 + 3*y**2 + y + 3. Let n be v(-3). Suppose 3*f + 4*a - 13529 = n, 0 = f - 5*a + 2*a - 4514. Let r = -2856 + f. Is r a prime number?
False
Let z be 2*((-68)/(-56) + (-6)/(-21)). Suppose -4*v + 3*n + 4037 = -2183, z*v - 2*n = 4665. Let y = v + -932. Is y a prime number?
False
Suppose -18*s - 484 = -29*s. Let d(l) = -11*l**3 - 2*l**2 - 2. Let t be d(-2). Let b = t - s. Is b prime?
False
Is ((-4871492)/(-12))/(-23)*-3 prime?
True
Let i(k) = 35859*k - 341. Is i(4) a prime number?
False
Suppose -3*q - 4*v = -555163, -2 = -20*v + 18*v. Is q composite?
True
Suppose 0 = -19*s + 82254 + 183043. Is s a prime number?
True
Let v = 751871 - 491344. Is v prime?
True
Let v = 334096 - 33459. Is v prime?
False
Suppose 15*x - 578 = 32*x. Is 4 + (x - -30 - (-6581)/1) composite?
False
Let r = -5890 - -15674. Let l = r - 3737. Is l a prime number?
True
Suppose -8717 - 6555 = -4*p. Suppose p = -42*u + 44*u. Is u a composite number?
True
Suppose 2*i - 3*n = 1, 14 = 11*i - 6*i + 4*n. Suppose 503 = i*l - 579. Is l prime?
True
Let v = 10049 + -6968. Let y be 0 + ((-6)/(-2) - -18). Suppose y*w + v = 24*w. Is w prime?
False
Is -4 + 336/108 - (-20276996)/36 prime?
True
Is (7 + -6)/((-3378477)/(-35473347) + (-12)/126) prime?
False
Is -17 + 31 - -3795*31 a prime number?
True
Let i(b) = -2*b - 37. Let l be i(-21). Suppose 12*c = 3*t + 10*c - 9659, -5*t + l*c + 16095 = 0. Is t composite?
False
Suppose -1132443 = 614*w - 638*w + 1226013. Is w a prime number?
True
Suppose 4*m = 681 + 255. Let z = m + -481. Let i = -98 - z. Is i a prime number?
True
Let u(i) be the first derivative of i**4/6 + 17*i**3/6 + 5*i**2 + 9*i - 2. Let p(s) be the first derivative of u(s). Is p(-12) prime?
False
Let k(a) = a**3 - 5*a**2 + 5*a - 2. Let f be k(2). Is (f/12)/((-7)/126021) a composite number?
True
Let p = -68095 - -171434. Is p a composite number?
True
Let w(u) = 2*u**2 + 10*u + 6. Let y be w(-8). Let p be 4/(-3)*y/12. Is -4 - -6*(-489)/p a prime number?
False
Let w(r) = 464*r**2 - 6*r + 23. Suppose z + 29*j = 32*j - 8, 4*z = -3*j + 28. Is w(z) prime?
False
Suppose 2*t - 4*d = -d + 24, -3*d + 30 = 4*t. Let q be -4*(-4 + t + -4). Is (-6)/8 - 2543/q prime?
False
Let k(s) = -s**2 + 7*s - 21. Let f be k(5). Let c = 23 + f. Is c*(45/12 - 1) prime?
False
Let b = 44995 + 16272. Is b a prime number?
False
Let z = -34 + 64. Suppose n = 3*q - 20, -2*q = -q - 5*n - z. Suppose c - h = 294, -840 = -3*c + q*h + 40. Is c a prime number?
False
Let a be (-45826)/(-8) - 1/4. Is 5*(-8)/(-60) - a/(-12) a composite number?
True
Suppose 62215 = -16*f - 53929. Let k = f - -29448. Is k composite?
False
Suppose 0 = -7*t + 14*t - 14. Suppose 0*f + f - 31945 = -4*i, -t*i + 15965 = -f. Is i a prime number?
False
Suppose -43*s - 3673494 = -61*s. Is s prime?
False
Let j be (-54)/243 - (0 - (-1022)/18). Let m = j + 68. Is m composite?
False
Let u(a) = -35*a - 102. Let l be u(-4). Suppose -5*v + 95070 = d, 2*v - 38036 = -l*d + 36*d. Is v prime?
True
Let b(q) = 4*q**3 + 2*q**2 + 8*q + 47. Let c be ((-9)/(-2) - 5)*-16 - -2. Is b(c) prime?
True
Let v = -72815 + 143408. Is v prime?
False
Suppose 0 = -11*n + 317722 - 82113. Is n a prime number?
True
Let k(f) = -f**3 - 16*f**2 - 18*f + 5. Let u(z) = 3*z + 20. Let r(c) = 10*c - 2. Let p be r(-1). Let v be u(p). Is k(v) a composite number?
False
Suppose m - 34122 = -2*a, -4*m - 4*a + 136496 = -0*m. Let v = m + -13049. Is v prime?
False
Suppose -10*m = 2*v - 8*m - 106604, -8*v - 2*m + 426386 = 0. Is v a prime number?
False
Let k = -520 + 519. Is 2/(k/((-26932)/8)) a composite number?
False
Is 12/28 + 0 + (-7574176)/(-112) a composite number?
True
Let v be ((-21)/14)/(6/(-16)). Is 7707/6*v - -3 a composite number?
True
Let u(t) = 3*t - 47. Let m be u(17). Suppose -343 = -5*g - 5*j + 1437, m*g - 1422 = -2*j. Is g composite?
True
Let n(w) = 7*w - 2. Let h(c) = -c. Let o(f) = -2*h(f) - n(f). Let x be o(0). Suppose -426 = -2*d + x*r, -r + 1 = 5. Is d a composite number?
True
Let w(h) = -1366*h + 1. Let d be w(-3). Suppose -1011 - 2046 = k - 511. Let r = d + k. Is r a composite number?
False
Suppose -b - 3 = -2*b. Suppose -1 = -2*k + b. Suppose 1078 = k*q - 760. Is q composite?
False
Suppose 5*h - 2*m = 4, -3*m - 8 = -h - 15. Suppose 6 = h*o, 0 = -0*k + 3*k - 4*o - 3249. Is k a prime number?
True
Let u(g) = g**3 + 23*g**2 + 22*g + 5. Let j be u(-22). Suppose -27208 = -4*m + 4*o, -3*m + 7163 = j*o - 13251. Is m prime?
True
Let w(r) = -3*r**2 + 27*r - 20. Let z be w(8). Suppose 18 = m + 12. Suppose -1943 = -z*f + 5*i, -492 = -f + i - m*i. Is f a prime number?
True
Let k(w) = -335*w**3 + 2*w**2 - 8*w + 4. Let u be k(3). Let p = -4011 - u. Suppose -2*z + p = 2*z. Is z a prime number?
True
Suppose -3*g - 5*u = -3666296, 4*u = -8*g + 10*g - 2444190. Is g a composite number?
False
Let i(o) = -218*o**3 - o**2 + 284*o**3 + 6 + 14*o - 22*o. Is i(5) prime?
True
Suppose -h + 6 = c, 0*c + 3*c = 4*h + 4. Is 22/c*4172/14 a composite number?
True
Let z be (0 - 0)*43/(-172). Suppose 0 = -z*s + s - 794. Is s a composite number?
True
Let y(f) = 33*f**2 - 70*f - 183. Is y(52) a prime number?
False
Let c = 62979 + -43448. Is c a composite number?
False
Suppose 3*s + 168 = 174. Suppose -b = s*o - 4*b - 1736, -5*b + 2585 = 3*o. Is o a composite number?
True
Suppose -4*t + 16 = 0, 5*o = -4*t + 44 + 277. Let m = o - 59. Suppose m*k + 4 = 30. Is k a composite number?
False
Suppose -7*m = -94*m - 75*m + 21828042. Is m prime?
True
Suppose 12358 + 11750 = 7*r. Let i = r - 1685. Is i composite?
False
Let m(f) = -2*f + 2. Let k be m(-5). Suppose 0 = 4*b - k, 2*r + 11*b - 6*b = 19. Is r a composite number?
False
Let q = 71729 + -49232. Is q a composite number?
True
Let k be ((-15)/9)/(5/8985). Let x = k + 4494. Is x prime?
True
Suppose -4*c + 36 = 4*y, 15 = 2*y - y + 4*c. Let d(l) = 269*l - 18. Let v be d(y). Suppose -3*x = 2*x - v. Is x a prime number?
True
Suppose 3 = 11*z - 10*z, 5*z = -5*f - 25. Let k(l) be the third derivative of -l**6/120 - l**5/12 + l**4/24 + l**3/6 + 4*l**2. Is k(f) a composite number?
True
Suppose -3*y = n + 20 + 5, 5*y = -3*n - 39. Let j(s) = -s**3 - 10*s**2 - 9*s + 3. Let c be j(y). Suppose -c*g = 5*o - 6442, 1 + 4 = -5*o. Is g a prime number?
False
Suppose 9*z - 5*z = -16. Let x be 2/(z + 12/4). Is -2 + x - (7 + -62) prime?
False
Let l(k) = -k**3 - 9*k**2 + 27*k - 8. Let g be l(-18). Suppose 5*s = -2*t + 4005, -3*s - t - 4*t = -g. Is s a composite number?
True
Let i(q) = -4867*q - 687. Is i(-10) a prime number?
False
Suppose -2742 - 2108 = -5*c. Suppose 195 = -5*z - c. Let u = z + 672. Is u a composite number?
False
Suppose 4*z + 12 = 0, 0 = v + 2*v + 2*z. Let q be v/2 - 133/14*-14. Suppose 3*o - 108 = -3*y, 0 = 4*o + 2*y - 0*y - q. Is o prime?
True
Let u = -63 - 72. Let r = -105 - u. Is 2326/5*r/12 prime?
True
Suppose 2*x - 8380006 = 2*n, 4*x + 4*n - 16760006 = 9*n. Is x a composite number?
False
Let y(l) = 57*l**2 + 283*l - 123. Is y(-40) composite?
False
Let z(y) = 128*y**2 - 13. Let j be 15 - 13 - (0 + -1). Is z(j) a composite number?
True
Suppose -13*y + 10 = -120. Is (-25)/y*460384/(-40)